are the prime factors of w(f)?
47
Let i(t) = 41*t**2 - 11*t + 78. Let s be i(-13). Suppose 0 = -13*z - 0*z + s. List the prime factors of z.
2, 5, 11
Let x = 23 + -20. Let d be 3 - (-1*(x + -1))/2. Suppose -d*n = -0*a - a - 79, a - 110 = -5*n. What are the prime factors of n?
3, 7
Let q(x) be the first derivative of 9*x**4/4 + x**3/3 + 2*x + 3. Suppose -18 = 590*a - 599*a. What are the prime factors of q(a)?
2, 3, 13
Let v(q) = -12*q - 13. Let c(p) = 17 - 5*p - p**2 + 26 - 34. Let y be c(-7). List the prime factors of v(y).
47
Let w be (8/(-12))/((-6)/27) - -8. Let d(a) = 3*a**3 - 26*a**2 - 17*a + 17. List the prime factors of d(w).
677
Let d = 73 + -65. Suppose d = -2*w + 26. Let j(z) = 3*z - 3. What are the prime factors of j(w)?
2, 3
Let a(h) = 3*h**3 + 4*h**2 - 12*h - 24. Let r be a(10). Suppose 12*z - r = 8*z. List the prime factors of z.
2, 11, 37
Let d(s) = 74*s**2 - 125*s + 31. What are the prime factors of d(-14)?
5, 3257
Let f(j) = -31*j - 59. Let x be f(-17). Suppose 15*c - 237 = x. Suppose a - c = 1. List the prime factors of a.
2, 3
Let r(j) be the third derivative of -j**6/120 + 7*j**5/60 + 7*j**4/12 + 11*j**3/3 + 6*j**2. Let n be r(11). Let g = 468 + n. List the prime factors of g.
2, 5
Let j(n) be the third derivative of -31*n**4/24 - 13*n**3/2 - 3*n**2 + 5. List the prime factors of j(-7).
2, 89
Let f = 25431 + 16054. List the prime factors of f.
5, 8297
Let t(j) = -397*j - 25. Let g(d) = -397*d - 16. Let k(u) = -3*g(u) + 4*t(u). List the prime factors of k(-4).
2, 3
Suppose 65*k - 9*k - 1161066 = 5*k. List the prime factors of k.
2, 11383
Suppose 39*w - 90 = 36*w. Suppose 102 = -w*m + 6582. List the prime factors of m.
2, 3
Suppose -4*l + 5*t + 262 = 0, 2*l - 182 = t - 54. Let h = 74 + -130. Let a = l - h. What are the prime factors of a?
7, 17
Suppose -2*g - 3*c = -4 + 5, 3*g + 9 = -3*c. Let d = g - -13. Suppose -n + 67 + 165 = i, -2*i + d*n = -450. What are the prime factors of i?
2, 5, 23
Let q(p) = p**3 + 7*p**2 + 5*p - 2. Let u be q(-6). Suppose -22 = t - u. List the prime factors of 64 + ((-3)/2)/(t/12).
5, 13
Let z(n) = 6*n**3 + 14*n**2 - 21*n - 2. Let m(r) = -5*r**3 - 14*r**2 + 22*r + 4. Let f(k) = 4*m(k) + 3*z(k). List the prime factors of f(-12).
2, 5, 23
Suppose 4*x + z + 2 = 0, -2*x + 3*z - 12 = -2*z. Let g be -31*15*x + 2. Suppose 0 = -4*k - 27 + g. What are the prime factors of k?
2, 5, 11
Suppose 5*g - 14866 - 45326 = -b, -300897 = -5*b - 4*g. List the prime factors of b.
3, 13, 1543
List the prime factors of (-2)/(-3) + 2250398/(-38)*(-1)/3.
19, 1039
Let g(u) = 183 + 201 - 141*u - 335. List the prime factors of g(-4).
613
Let a = -471 + -818. Let k = a - -1960. List the prime factors of k.
11, 61
Let k(h) = 2*h**2 + 6*h + 71. Let g be (-160)/(-14) - (-10 - (-438)/42). List the prime factors of k(g).
379
Suppose 19990 = 5*q - 3*u - 1994, -5*q + 6*u + 21963 = 0. List the prime factors of q.
3, 163
Let g(v) = 21 + 0*v**3 + 4*v + 15*v**2 + v - v**3 - 6*v. Let l(o) = -19*o - 4. Let x be l(-1). List the prime factors of g(x).
2, 3
Suppose 3*x = 2*y + 4, -2*x - 2*y = 14 - 0. List the prime factors of -3 + (4 + -101)*x.
191
Let n(i) be the third derivative of -i**6/18 - i**5/24 - i**4/4 + 9*i**2. Let r(m) be the second derivative of n(m). What are the prime factors of r(-2)?
3, 5
List the prime factors of (1 + 5892)/(336/(-32) + 11).
2, 71, 83
Suppose -8 = -2*i, 34 = -z + 6*z + i. Suppose -z - 3 = -3*n. Suppose 0 = -p + n*q + 4, -3*p - 3*q + 23 = -q. List the prime factors of p.
7
Suppose 0*k - 4*r = k - 66, -4*k - 5*r = -253. Suppose 2*c = 4*d + k, 2*c - 57 = 4*d - c. List the prime factors of (2462/d + (-6)/27)*-1.
137
Let n be (-2)/(2/428*-4 + 0). Let p = n - 107. List the prime factors of (2/(-6))/(1/(-477) - p).
3, 53
Let m be (-1 - 28/(-8))*(2 + 0). Suppose j - m*j = -16. Let s(v) = -v**3 + 7*v**2 - 5*v - 4. What are the prime factors of s(j)?
2, 3
Let q(p) = -3*p**3 - 5*p**2 + 3*p + 24. Let o be q(-5). Let i = o + 337. Let g = -407 + i. What are the prime factors of g?
3, 7
Let t(o) = -o**3 + 5*o**2 + 12*o - 2. Suppose 0 = -4*g - 12, d + 3*g + 10 = -2*g. Let z be t(d). Let x = z - 48. What are the prime factors of x?
2, 5
Let n be (-1600)/(-90) - 2*4/(-36). What are the prime factors of ((-2)/(-2) - -459)/(n/45)?
2, 5, 23
Let u(h) = -16*h - 3*h - 3*h + 14 + 74 + 81 + 15*h**2. List the prime factors of u(10).
3, 7, 23
Suppose -260 + 85 = -5*h. Let m = 38 - h. Suppose 0 = -4*k - 2*o + 490, 3*k - m*o + o - 364 = 0. List the prime factors of k.
2, 61
Let h be -1 - (3 - -3)/(-2). Let v(j) be the third derivative of 7*j**5/60 + j**4/8 - j**3 + 2*j**2 + 25. List the prime factors of v(h).
2, 7
Let h(v) = 1032*v**2 - 252*v - 1493. What are the prime factors of h(-6)?
37171
Suppose 0 = -4*b + 4*t + 7284, -5*b - 12*t + 9099 = -14*t. What are the prime factors of b?
17, 107
Suppose -4*o + 4*a = -7168, -8957 = 44*o - 49*o + 2*a. What are the prime factors of o?
3, 199
Suppose 9 = -b - s - 2*s, 5*s + 20 = 0. Let a be (17 - -10)*(-1)/b. Let q = 20 - a. What are the prime factors of q?
29
Suppose 912 = 11*m + 362. Let w = 62 - m. Suppose 3272 = w*q + 788. What are the prime factors of q?
3, 23
What are the prime factors of (-179180)/((-60)/15) + -17?
2, 3, 17, 439
Suppose -129960 = 52*j - 469364. List the prime factors of j.
61, 107
What are the prime factors of (-9 - (-168)/16)*(-1778)/(-3)?
7, 127
Let n(t) = -t**2 + 2 + 7 - 6*t + 14. Let o be n(-8). Suppose -2*g + o*g - 1005 = 0. List the prime factors of g.
3, 67
Suppose -5*z + 1201 + 30194 = 0. List the prime factors of z.
3, 7, 13, 23
Suppose 3*y = 4*j - 3271, -3*j + 3*y - 1676 + 4133 = 0. Suppose j = 21*w - 10*w. What are the prime factors of w?
2, 37
Suppose 5*t - 9*t - 396 = 0. Let g be (8/(-6))/(44/t). Suppose p = -g*p + 268. What are the prime factors of p?
67
Let g(l) = 197 - 359 + 33*l**2 + l + 212 + 15*l. What are the prime factors of g(-5)?
3, 5, 53
Suppose 47*c = -3*c + 48967 + 63433. What are the prime factors of c?
2, 281
Suppose 5*l = 4*i + 19266, 6806 = 3*l + 5*i - 4798. List the prime factors of l.
2, 3, 643
Suppose -5940 = -67*s + 64*s. Suppose 8*i - s = -3*i. What are the prime factors of i?
2, 3, 5
Let z = -18171 - -27946. List the prime factors of z.
5, 17, 23
Let c(f) = -51*f + 1348. What are the prime factors of c(-15)?
2113
Let w(k) = k**3 - 13*k**2 - 161*k + 15. List the prime factors of w(23).
2, 3, 89
Let u(y) = y**2 - 2*y - 48. Let n be u(10). Suppose n*z = 26*z + 1338. What are the prime factors of z?
223
Let b(w) = -15*w. Let u be b(0). What are the prime factors of (57/12 - u - 4)*84?
3, 7
Let f(d) = 3*d**3 + 2*d**2 + 12. Let q be f(-4). Let i = 181 + q. What are the prime factors of i?
3, 11
Let c = 24 + 19. Suppose 5*t + 59 = 584. Let f = t - c. What are the prime factors of f?
2, 31
Let b(f) = -11*f**3 - 198*f**2 - 112*f - 100. List the prime factors of b(-24).
2, 10151
Suppose 0 = -75*c - 2*c + 2618539. What are the prime factors of c?
31, 1097
Suppose -15*g + 11*g = -304. Let i = 80 - g. Suppose 0 = i*a - 3*d - 247, 0 = -2*d - 3*d + 15. List the prime factors of a.
2
Let t(z) = 19*z**2 + 181*z + 45. What are the prime factors of t(-42)?
3, 17, 509
Suppose s = 576 - 41. List the prime factors of s + (-8 - (-3 + (-2)/2)).
3, 59
Let l = 0 - 3. Let i(s) = -37*s**2 - 8*s - 15. Let f(w) = 6*w**2 + w + 3. Let k(v) = -5*f(v) - i(v). List the prime factors of k(l).
2, 3
Let m(r) = 2*r**3 + 9*r**2 - 4*r**2 + 7 - 16*r**3 + 0*r + 6*r. What are the prime factors of m(-3)?
2, 103
Suppose v - 9 = -2*p, 24 = 4*v + 4*p - 2*p. Suppose -3*b = -6, -5*b = -i + v*i - 1366. What are the prime factors of i?
3, 113
Suppose 0 = -5*d - g - 4*g + 15, 2*g - 9 = -3*d. Suppose 4*s = -d*x + 213, 0*s + 5*s = 5*x - 355. Let j = -39 + x. List the prime factors of j.
2
Suppose 4*q = v - 2497, 66*v = 70*v + 5*q - 9967. List the prime factors of v.
3, 277
Suppose 21*l = 40910 + 14866. What are the prime factors of l?
2, 83
Suppose 3*r = -2*r + 5475. Suppose 5*m - r = -a, -2*a - 2*a = -2*m + 460. Let t = m + -116. What are the prime factors of t?
2, 13
Let w be -3 + 8 - (1 - 1 - -2). Let o(q) = 10*q**2 - q**2 + q - 7 + 0. List the prime factors of o(w).
7, 11
Let r(c) = -c**3 + c**2 + 103*c + 4260. List the prime factors of r(0).
2, 3, 5, 71
Let f = -219 - -221. Suppose 